{"id":6,"date":"2014-05-15T19:05:03","date_gmt":"2014-05-15T19:05:03","guid":{"rendered":"http:\/\/handisportauto.com\/?page_id=6"},"modified":"2026-03-29T09:18:20","modified_gmt":"2026-03-29T09:18:20","slug":"contacter-handisportauto-2","status":"publish","type":"page","link":"https:\/\/handisportauto.com\/?page_id=6","title":{"rendered":"Infos &#038; R\u00e9servation : contacter Handisportauto"},"content":{"rendered":"<p style=\"text-align: justify;\">Pour <strong>r\u00e9server un stage<\/strong> et\/ou demander un <strong>compl\u00e9ment d&rsquo;information<\/strong> : les documents \u00e0 nous renvoyer, les diff\u00e9rents moyens de nous contacter : par t\u00e9l\u00e9phone ou par le formulaire ci-dessous (r\u00e9ponse garantie dans les meilleurs d\u00e9lais).<\/p>\n<p><strong>Handisportauto<\/strong><br \/>\nM. Fr\u00e9d\u00e9ric Pau<br \/>\n<img decoding=\"async\" src=\"https:\/\/handisportauto.com\/hsa\/icones\/check.png\" alt=\"\" \/> T\u00e9l. : 0 660 680 976<br \/>\n<img decoding=\"async\" src=\"https:\/\/handisportauto.com\/hsa\/icones\/check.png\" alt=\"\" \/> Email : handisportauto[AT]gmail.com (remplacer [AT] par @ )<br \/>\n<strong>Relations Publiques<\/strong><br \/>\nM. Patrick Pilon<br \/>\n<img decoding=\"async\" src=\"https:\/\/handisportauto.com\/hsa\/icones\/check.png\" alt=\"\" \/> T\u00e9l. : 0 630 729 434<\/p>\n<p><strong>Pour commander un stage et r\u00e9server une date<\/strong><br \/>\n2 documents \u00e0 t\u00e9l\u00e9charger puis \u00e0 nous renvoyer d\u00fbment compl\u00e9t\u00e9s :<\/p>\n<ul>\n<li style=\"text-align: justify;\"><span style=\"color: #0000ff;\"><a style=\"color: #0000ff;\" title=\"commande stage\" href=\"https:\/\/handisportauto.com\/hsa\/reservation\/commande-stage.pdf\" target=\"_blank\" rel=\"noopener noreferrer\"><strong>Commande de stage<\/strong><\/a> <\/span>(PDF\/254 Ko) : pour s\u00e9lectionner la formule du stage (bapt\u00eame, d\u00e9couverte avec le nombre de tours choisis ou forfait \u00e0 la demi-journ\u00e9e\/journ\u00e9e), \u00e0 nous renvoyer accompagn\u00e9 du paiement.<\/li>\n<li style=\"text-align: justify;\"><a title=\"r\u00e9servation date\" href=\"http:\/\/www.handisportauto.com\/hsa\/reservation\/reservation-date.pdf\" target=\"_blank\" rel=\"noopener noreferrer\"><strong><span style=\"color: #0000ff;\">R\u00e9servation d&rsquo;une date<\/span><\/strong><\/a> (PDF\/270 Ko) : pour choisir une date parmi celles propos\u00e9es.<br \/>\nNota : ce deuxi\u00e8me document \u00ab\u00a0R\u00e9servation d&rsquo;une date\u00a0\u00bb <strong>peut \u00eatre envoy\u00e9 plus tard<\/strong> si par exemple vous offrez un stage et que vous laissez le b\u00e9n\u00e9ficiaire choisir une date qui lui convienne.<\/li>\n<li><strong><span style=\"color: #0000ff;\"><a href=\"https:\/\/handisportauto.com\/wp-content\/uploads\/2026\/02\/Questionnaire-pilote-auto-en-situation-dhandicap.pdf\"><span style=\"color: #0000ff;\">Questionnaire pilote auto en situation d&rsquo;handicap<\/span><\/a><\/span><\/strong><\/li>\n<\/ul>\n<div style=\"margin-top: -11px; margin-bottom: 11px; text-align: justify;\">Pour rappel, les informations actualis\u00e9es concernant les <strong>dates, formules et tarifs de nos stages<\/strong> sont consultables sur ce site \u00e0 la page <a href=\"https:\/\/handisportauto.com\/stages-de-pilotages-formules-et-tarifs\">Stages de pilotage : dates, formules et tarifs<\/a>.<\/div>\n<div style=\"margin-bottom: 11px;\">Pour consulter nos <a href=\"https:\/\/handisportauto.com\/hsa\/reservation\/cgv.pdf\">Conditions g\u00e9n\u00e9rales de vente<\/a> (PDF\/115 Ko).<\/div>\n<p><strong>Formulaire de contact<\/strong><\/p>\n\n<div class=\"wpcf7 no-js\" id=\"wpcf7-f19-o1\" lang=\"fr-FR\" dir=\"ltr\" data-wpcf7-id=\"19\">\n<div class=\"screen-reader-response\"><p role=\"status\" aria-live=\"polite\" aria-atomic=\"true\"><\/p> <ul><\/ul><\/div>\n<form action=\"\/index.php?rest_route=%2Fwp%2Fv2%2Fpages%2F6#wpcf7-f19-o1\" method=\"post\" class=\"wpcf7-form init\" aria-label=\"Formulaire de contact\" novalidate=\"novalidate\" data-status=\"init\">\n<div style=\"display: none;\">\n<input type=\"hidden\" name=\"_wpcf7\" value=\"19\" \/>\n<input type=\"hidden\" name=\"_wpcf7_version\" value=\"6.0.1\" \/>\n<input type=\"hidden\" name=\"_wpcf7_locale\" value=\"fr_FR\" \/>\n<input type=\"hidden\" name=\"_wpcf7_unit_tag\" value=\"wpcf7-f19-o1\" \/>\n<input type=\"hidden\" name=\"_wpcf7_container_post\" value=\"0\" \/>\n<input type=\"hidden\" name=\"_wpcf7_posted_data_hash\" value=\"\" \/>\n<input type=\"hidden\" name=\"_wpcf7_recaptcha_response\" value=\"\" \/>\n<\/div>\n<p>Votre nom (requis)\n<\/p>\n<p><span class=\"wpcf7-form-control-wrap\" data-name=\"your-name\"><input size=\"40\" maxlength=\"400\" class=\"wpcf7-form-control wpcf7-text wpcf7-validates-as-required\" aria-required=\"true\" aria-invalid=\"false\" value=\"\" type=\"text\" name=\"your-name\" \/><\/span>\n<\/p>\n<p>Votre email (requis)\n<\/p>\n<p><span class=\"wpcf7-form-control-wrap\" data-name=\"your-email\"><input size=\"40\" maxlength=\"400\" class=\"wpcf7-form-control wpcf7-email wpcf7-validates-as-required wpcf7-text wpcf7-validates-as-email\" aria-required=\"true\" aria-invalid=\"false\" value=\"\" type=\"email\" name=\"your-email\" \/><\/span>\n<\/p>\n<p>Votre t\u00e9l\u00e9phone (facultatif)\n<\/p>\n<p><span class=\"wpcf7-form-control-wrap\" data-name=\"telephone\"><input size=\"15\" maxlength=\"400\" class=\"wpcf7-form-control wpcf7-text\" aria-invalid=\"false\" value=\"\" type=\"text\" name=\"telephone\" \/><\/span>\n<\/p>\n<p>Votre message\n<\/p>\n<p><span class=\"wpcf7-form-control-wrap\" data-name=\"your-message\"><textarea cols=\"40\" rows=\"10\" maxlength=\"2000\" class=\"wpcf7-form-control wpcf7-textarea\" aria-invalid=\"false\" name=\"your-message\"><\/textarea><\/span>\n<\/p>\n<p><input class=\"wpcf7-form-control wpcf7-submit has-spinner\" type=\"submit\" value=\"Envoyer\" \/>\n<\/p><p style=\"display: none !important;\" class=\"akismet-fields-container\" data-prefix=\"_wpcf7_ak_\"><label>&#916;<textarea name=\"_wpcf7_ak_hp_textarea\" cols=\"45\" rows=\"8\" maxlength=\"100\"><\/textarea><\/label><input type=\"hidden\" id=\"ak_js_1\" name=\"_wpcf7_ak_js\" value=\"173\"\/><script>document.getElementById( \"ak_js_1\" ).setAttribute( \"value\", ( new Date() ).getTime() );<\/script><\/p><div class=\"wpcf7-response-output\" aria-hidden=\"true\"><\/div>\n<\/form>\n<\/div>\n\n<p><span style=\"font-size: 11px;\">Nota : les donn\u00e9es et coordonn\u00e9es transmises ne seront en aucun cas c\u00e9d\u00e9es \u00e0 des tiers, qu&rsquo;ils soient commerciaux ou autre, elles servent uniquement dans le cadre d&rsquo;une prise de contact avec Handisportauto.<\/span><\/p>\n<p><img decoding=\"async\" class=\"aligncenter\" style=\"margin-bottom: 33px;\" src=\"https:\/\/handisportauto.com\/hsa\/presse\/hsalogo.png\" alt=\"\" \/><\/p>\n","protected":false},"excerpt":{"rendered":"<p>Pour r\u00e9server un stage et\/ou demander un compl\u00e9ment d&rsquo;information : les documents \u00e0 nous renvoyer, les diff\u00e9rents moyens de nous contacter : par t\u00e9l\u00e9phone ou par le formulaire ci-dessous (r\u00e9ponse garantie dans les meilleurs d\u00e9lais). Handisportauto&#8230;<\/p>\n","protected":false},"author":1,"featured_media":0,"parent":0,"menu_order":0,"comment_status":"closed","ping_status":"open","template":"","meta":{"footnotes":""},"class_list":["post-6","page","type-page","status-publish","hentry"],"_links":{"self":[{"href":"https:\/\/handisportauto.com\/index.php?rest_route=\/wp\/v2\/pages\/6","targetHints":{"allow":["GET"]}}],"collection":[{"href":"https:\/\/handisportauto.com\/index.php?rest_route=\/wp\/v2\/pages"}],"about":[{"href":"https:\/\/handisportauto.com\/index.php?rest_route=\/wp\/v2\/types\/page"}],"author":[{"embeddable":true,"href":"https:\/\/handisportauto.com\/index.php?rest_route=\/wp\/v2\/users\/1"}],"replies":[{"embeddable":true,"href":"https:\/\/handisportauto.com\/index.php?rest_route=%2Fwp%2Fv2%2Fcomments&post=6"}],"version-history":[{"count":11,"href":"https:\/\/handisportauto.com\/index.php?rest_route=\/wp\/v2\/pages\/6\/revisions"}],"predecessor-version":[{"id":356,"href":"https:\/\/handisportauto.com\/index.php?rest_route=\/wp\/v2\/pages\/6\/revisions\/356"}],"wp:attachment":[{"href":"https:\/\/handisportauto.com\/index.php?rest_route=%2Fwp%2Fv2%2Fmedia&parent=6"}],"curies":[{"name":"wp","href":"https:\/\/api.w.org\/{rel}","templated":true}]}}